{"id":27,"date":"2016-01-28T20:54:48","date_gmt":"2016-01-28T20:54:48","guid":{"rendered":"http:\/\/www.refugiocaninotorres.es\/?page_id=27"},"modified":"2024-12-23T15:49:02","modified_gmt":"2024-12-23T15:49:02","slug":"portada","status":"publish","type":"page","link":"https:\/\/www.refugiocaninotorres.es\/","title":{"rendered":"Inicio"},"content":{"rendered":"<table style=\"border: 0pt inset; height: 1365px;\" width=\"1381\">\r\n<tbody>\r\n<tr>\r\n<td style=\"border: inset 0pt;\"><a href=\"https:\/\/www.refugiocaninotorres.es\/?page_id=624\" rel=\"attachment wp-att-54\"><img loading=\"lazy\" decoding=\"async\" class=\"size-full wp-image-54 aligncenter\" src=\"https:\/\/www.refugiocaninotorres.es\/wp-content\/uploads\/2016\/02\/zzzzzz.png\" alt=\"11\" width=\"120\" height=\"126\" \/><\/a><\/td>\r\n<td style=\"border: inset 0pt;\"><a href=\"https:\/\/www.refugiocaninotorres.es\/?page_id=127\" rel=\"attachment wp-att-55\"><img loading=\"lazy\" decoding=\"async\" class=\"size-medium wp-image-55 aligncenter\" src=\"https:\/\/www.refugiocaninotorres.es\/wp-content\/uploads\/2016\/02\/zzz.png\" alt=\"22\" width=\"117\" height=\"146\" \/><\/a><\/td>\r\n<td style=\"border: inset 0pt;\"><a href=\"https:\/\/www.refugiocaninotorres.es\/?page_id=145\" rel=\"attachment wp-att-56\"><img loading=\"lazy\" decoding=\"async\" class=\"size-medium wp-image-56 aligncenter\" src=\"https:\/\/www.refugiocaninotorres.es\/wp-content\/uploads\/2016\/02\/zzzzz.png\" alt=\"33\" width=\"112\" height=\"126\" \/><\/a><\/td>\r\n<\/tr>\r\n<tr>\r\n<td style=\"border: inset 0pt;\">\r\n<h3 style=\"text-align: center;\"><a href=\"https:\/\/www.refugiocaninotorres.es\/?page_id=624\"><strong><b style=\"color: #a7cd2a;\">Perros en adopci\u00f3n<\/b> <\/strong><\/a><\/h3>\r\n<\/td>\r\n<td style=\"border: inset 0pt;\">\r\n<h3 style=\"text-align: center;\"><strong><b style=\"color: #a7cd2a;\">Casas de Acogida<\/b> <\/strong><\/h3>\r\n<\/td>\r\n<td style=\"border: inset 0pt;\">\r\n<h3 style=\"text-align: center;\"><strong><b style=\"color: #a7cd2a;\">Socios \/ Padrinos<\/b> <\/strong><\/h3>\r\n<\/td>\r\n<\/tr>\r\n<tr>\r\n<td style=\"border: inset 0pt;\">\r\n<p style=\"text-align: center;\"><strong>Adopta un perro y no te arrepentir\u00e1s. Es el amigo m\u00e1s fiel que tendr\u00e1s jam\u00e1s, te dar\u00e1 cari\u00f1o, compa\u00f1\u00eda, diversi\u00f3n, conocer\u00e1s la lealtad sin l\u00edmites\u2026 en definitiva tendr\u00e1s un compa\u00f1ero para toda la vida.<\/strong><\/p>\r\n<h4><a href=\"https:\/\/www.refugiocaninotorres.es\/?page_id=120\" target=\"_blank\" rel=\"noopener noreferrer\"><b style=\"color: #c39f63;\">Encuentra a tu mejor amigo -&gt;<\/b> <\/a><\/h4>\r\n<\/td>\r\n<td style=\"border: inset 0pt;\">\r\n<p style=\"text-align: center;\"><strong>Para algunos perros el refugio no es el mejor lugar para que vivan, ya que hace mucho frio y humedad, por eso algunos de ellos necesitan una casa, como es el caso de los cachorros o los perros viejos o enfermos, las acogidas pueden ser temporales o permanentes, dependiendo de la necesidad de cada perro.<\/strong><\/p>\r\n<h4><a href=\"https:\/\/www.refugiocaninotorres.es\/?page_id=127\"><b style=\"color: #c39f63;\">Perros en acogida -&gt;<\/b> <\/a><\/h4>\r\n<\/td>\r\n<td style=\"border: inset 0pt;\">\r\n<p style=\"text-align: center;\"><strong>Ser socio o padrino es una de las formas de colaborar y ayudar al refugio. De esta forma se ayuda con la alimentaci\u00f3n y los gastos veterinarios de los peludos. Siendo padrino adem\u00e1s tendr\u00e1s una conexi\u00f3n especial con el perro apadrinado, una opci\u00f3n estupenda para la gente que no puede tener animales.<\/strong><\/p>\r\n<h4><a href=\"https:\/\/www.refugiocaninotorres.es\/?page_id=145\"><b style=\"color: #c39f63;\">Inf\u00f3rmate como -&gt;<\/b><\/a><\/h4>\r\n<\/td>\r\n<\/tr>\r\n<tr>\r\n<td style=\"border: inset 0pt;\" colspan=\"3\">\r\n<h1><b>COLABORA CON NOSOTROS !!!<\/b><\/h1>\r\n<\/td>\r\n<\/tr>\r\n<tr>\r\n<td style=\"border: inset 0pt;\"><a href=\"https:\/\/www.refugiocaninotorres.es\/?page_id=235\" rel=\"attachment wp-att-48\"><img loading=\"lazy\" decoding=\"async\" class=\"alignnone size-full wp-image-48\" src=\"https:\/\/www.refugiocaninotorres.es\/wp-content\/uploads\/2016\/02\/zzzz.png\" alt=\"4\" width=\"115\" height=\"82\" \/><\/a><\/td>\r\n<td style=\"border: inset 0pt;\"><a href=\"https:\/\/www.refugiocaninotorres.es\/?page_id=147\" rel=\"attachment wp-att-50\"><img loading=\"lazy\" decoding=\"async\" class=\"alignnone size-full wp-image-50\" src=\"https:\/\/www.refugiocaninotorres.es\/wp-content\/uploads\/2016\/02\/zz-1.png\" alt=\"6\" width=\"113\" height=\"123\" \/><\/a><\/td>\r\n<td style=\"border: inset 0pt;\"><a href=\"https:\/\/www.refugiocaninotorres.es\/?page_id=298\" target=\"_blank\" rel=\"attachment wp-att-49 noopener noreferrer\"><img loading=\"lazy\" decoding=\"async\" class=\"alignnone wp-image-49 size-full\" src=\"https:\/\/www.refugiocaninotorres.es\/wp-content\/uploads\/2016\/02\/z.png\" alt=\"5\" width=\"118\" height=\"163\" \/><\/a><\/td>\r\n<\/tr>\r\n<tr>\r\n<td style=\"border: inset 0pt;\">\r\n<h3 style=\"text-align: center;\"><strong><b style=\"color: #a7cd2a;\">Hazte voluntario<\/b><\/strong><\/h3>\r\n<\/td>\r\n<td style=\"border: inset 0pt;\">\r\n<h3 style=\"text-align: center;\"><strong><b style=\"color: #a7cd2a;\">Haz tu donativo<\/b><\/strong><\/h3>\r\n<p>&nbsp;<\/p>\r\n<\/td>\r\n<td style=\"border: inset 0pt;\">\r\n<h3 style=\"text-align: center;\"><strong><b style=\"color: #a7cd2a;\">Tienda<\/b><\/strong><\/h3>\r\n<\/td>\r\n<\/tr>\r\n<tr>\r\n<td style=\"border: inset 0pt;\">\r\n<p style=\"text-align: center;\"><strong>La labor del voluntario es indispensable en el refugio, ya que son muchos perros a los que hay que atender diariamente y muchas tareas que realizar. Por eso siempre son bienvenidas todas las personas que de un modo u otro nos quieren ayudar en ese d\u00eda a d\u00eda.<\/strong><\/p>\r\n<h4><a href=\"https:\/\/www.refugiocaninotorres.es\/?page_id=235\"><b style=\"color: #c39f63;\">Ay\u00fadanos -&gt;<\/b> <\/a><\/h4>\r\n<\/td>\r\n<td style=\"border: inset 0pt;\">\r\n<p style=\"text-align: center;\"><strong>El refugio se mantiene gracias a los donativos de la gente, los socios y los padrinos fundamentalmente.<\/strong><\/p>\r\n<h4><a href=\"https:\/\/www.refugiocaninotorres.es\/?page_id=147\"><b style=\"color: #c39f63;\">Ay\u00fadanos -&gt;<br \/><\/b><\/a><\/h4>\r\n<h3 style=\"text-align: center;\">\u00a0<\/h3>\r\n<\/td>\r\n<td style=\"border: inset 0pt;\">\r\n<p style=\"text-align: center;\"><strong>Comprando cualquiera de los art\u00edculos de nuestro merchandising nos ayudas a que mucha m\u00e1s gente nos conozca y se interese por la labor que realizamos en el refugio, aparte de la ayuda econ\u00f3mica que tambi\u00e9n supone.<\/strong><\/p>\r\n<h4><a href=\"https:\/\/www.refugiocaninotorres.es\/?page_id=298\"><b style=\"color: #c39f63;\">Tienda solidaria -&gt;<\/b> <\/a><\/h4>\r\n<\/td>\r\n<\/tr>\r\n<\/tbody>\r\n<\/table>\r\n<table>\r\n<tbody>\r\n<tr>\r\n<td style=\"border: inset 0pt;\">\r\n<p><a href=\"https:\/\/www.amazon.es\/?&amp;tag=wwwrefugiocan-21&amp;camp=4586&amp;creative=670926&amp;linkCod\r\ne=ur1&amp;adid=1CKJQA18MCV25ZKCZPMR&amp;\"><img loading=\"lazy\" decoding=\"async\" class=\"size-medium wp-image-586 alignnone\" src=\"https:\/\/www.refugiocaninotorres.es\/wp-content\/uploads\/2021\/02\/Amazon-afiliados-\u00bfcomo-funciona-300x214.jpg\" alt=\"\" width=\"300\" height=\"214\" srcset=\"https:\/\/www.refugiocaninotorres.es\/wp-content\/uploads\/2021\/02\/Amazon-afiliados-\u00bfcomo-funciona-300x214.jpg 300w, https:\/\/www.refugiocaninotorres.es\/wp-content\/uploads\/2021\/02\/Amazon-afiliados-\u00bfcomo-funciona.jpg 700w\" sizes=\"auto, (max-width: 300px) 100vw, 300px\" \/><\/a><\/p>\r\n<\/td>\r\n<td style=\"border: inset 0pt;\">\r\n<p><a href=\"https:\/\/www.teaming.net\/refugiocaninotorres\" target=\"_blank\" rel=\"noopener\"><img loading=\"lazy\" decoding=\"async\" class=\"wp-image-575 size-full alignnone\" src=\"https:\/\/www.refugiocaninotorres.es\/wp-content\/uploads\/2021\/02\/teaming.png\" alt=\"\" width=\"272\" height=\"185\" \/><\/a><\/p>\r\n<\/td>\r\n<td style=\"border: inset 0pt;\">\r\n<p><a href=\"https:\/\/tc.tradetracker.net\/?c=32433&amp;m=12&amp;a=392399\"><img loading=\"lazy\" decoding=\"async\" class=\"aligntop wp-image-566 size-medium\" src=\"https:\/\/www.refugiocaninotorres.es\/wp-content\/uploads\/2021\/02\/30fd1714-de68-4855-9afa-4279d512c917-248x300.jpg\" alt=\"\" width=\"248\" height=\"300\" srcset=\"https:\/\/www.refugiocaninotorres.es\/wp-content\/uploads\/2021\/02\/30fd1714-de68-4855-9afa-4279d512c917-248x300.jpg 248w, https:\/\/www.refugiocaninotorres.es\/wp-content\/uploads\/2021\/02\/30fd1714-de68-4855-9afa-4279d512c917.jpg 592w\" sizes=\"auto, (max-width: 248px) 100vw, 248px\" \/><\/a><\/p>\r\n<\/td>\r\n<\/tr>\r\n<\/tbody>\r\n<\/table>\r\n\r\n<p>&nbsp;<\/p>\r\n","protected":false},"excerpt":{"rendered":"<p>Perros en adopci\u00f3n Casas de Acogida Socios \/ Padrinos Adopta un perro y no te arrepentir\u00e1s. Es el amigo m\u00e1s fiel que tendr\u00e1s jam\u00e1s, te dar\u00e1 cari\u00f1o, compa\u00f1\u00eda, diversi\u00f3n, conocer\u00e1s la lealtad sin l\u00edmites\u2026 en definitiva tendr\u00e1s un compa\u00f1ero para toda la vida. Encuentra a tu mejor amigo -&gt; Para algunos perros el refugio no<\/p>\n<p><a href=\"https:\/\/www.refugiocaninotorres.es\/\" class=\"more-link themebutton\">Leer m\u00e1s<\/a><\/p>\n","protected":false},"author":1,"featured_media":0,"parent":0,"menu_order":0,"comment_status":"closed","ping_status":"closed","template":"","meta":{"footnotes":""},"class_list":["post-27","page","type-page","status-publish","hentry"],"_links":{"self":[{"href":"https:\/\/www.refugiocaninotorres.es\/index.php?rest_route=\/wp\/v2\/pages\/27","targetHints":{"allow":["GET"]}}],"collection":[{"href":"https:\/\/www.refugiocaninotorres.es\/index.php?rest_route=\/wp\/v2\/pages"}],"about":[{"href":"https:\/\/www.refugiocaninotorres.es\/index.php?rest_route=\/wp\/v2\/types\/page"}],"author":[{"embeddable":true,"href":"https:\/\/www.refugiocaninotorres.es\/index.php?rest_route=\/wp\/v2\/users\/1"}],"replies":[{"embeddable":true,"href":"https:\/\/www.refugiocaninotorres.es\/index.php?rest_route=%2Fwp%2Fv2%2Fcomments&post=27"}],"version-history":[{"count":141,"href":"https:\/\/www.refugiocaninotorres.es\/index.php?rest_route=\/wp\/v2\/pages\/27\/revisions"}],"predecessor-version":[{"id":1202,"href":"https:\/\/www.refugiocaninotorres.es\/index.php?rest_route=\/wp\/v2\/pages\/27\/revisions\/1202"}],"wp:attachment":[{"href":"https:\/\/www.refugiocaninotorres.es\/index.php?rest_route=%2Fwp%2Fv2%2Fmedia&parent=27"}],"curies":[{"name":"wp","href":"https:\/\/api.w.org\/{rel}","templated":true}]}}