{"id":1080,"date":"2023-09-26T16:21:32","date_gmt":"2023-09-26T16:21:32","guid":{"rendered":"https:\/\/www.refugiocaninotorres.es\/?page_id=1080"},"modified":"2023-09-26T16:21:32","modified_gmt":"2023-09-26T16:21:32","slug":"bruno","status":"publish","type":"page","link":"https:\/\/www.refugiocaninotorres.es\/?page_id=1080","title":{"rendered":"Bruno"},"content":{"rendered":"<table>\n<tbody>\n<tr>\n<td style=\"text-align: center;\"><img loading=\"lazy\" decoding=\"async\" class=\"alignnone wp-image-1070 size-medium\" src=\"https:\/\/www.refugiocaninotorres.es\/wp-content\/uploads\/2023\/09\/Bruno-3-138x300.jpg\" alt=\"\" width=\"138\" height=\"300\" \/><\/td>\n<td><img loading=\"lazy\" decoding=\"async\" class=\"alignnone wp-image-1069 size-medium\" src=\"https:\/\/www.refugiocaninotorres.es\/wp-content\/uploads\/2023\/09\/Bruno-2-138x300.jpg\" alt=\"\" width=\"138\" height=\"300\" srcset=\"https:\/\/www.refugiocaninotorres.es\/wp-content\/uploads\/2023\/09\/Bruno-2-138x300.jpg 138w, https:\/\/www.refugiocaninotorres.es\/wp-content\/uploads\/2023\/09\/Bruno-2-471x1024.jpg 471w, https:\/\/www.refugiocaninotorres.es\/wp-content\/uploads\/2023\/09\/Bruno-2-768x1670.jpg 768w, https:\/\/www.refugiocaninotorres.es\/wp-content\/uploads\/2023\/09\/Bruno-2-707x1536.jpg 707w, https:\/\/www.refugiocaninotorres.es\/wp-content\/uploads\/2023\/09\/Bruno-2-942x2048.jpg 942w, https:\/\/www.refugiocaninotorres.es\/wp-content\/uploads\/2023\/09\/Bruno-2-scaled.jpg 1178w\" sizes=\"auto, (max-width: 138px) 100vw, 138px\" \/><\/td>\n<td><img loading=\"lazy\" decoding=\"async\" class=\"alignnone size-medium wp-image-1068\" src=\"https:\/\/www.refugiocaninotorres.es\/wp-content\/uploads\/2023\/09\/Bruno-138x300.jpg\" alt=\"\" width=\"138\" height=\"300\" srcset=\"https:\/\/www.refugiocaninotorres.es\/wp-content\/uploads\/2023\/09\/Bruno-138x300.jpg 138w, https:\/\/www.refugiocaninotorres.es\/wp-content\/uploads\/2023\/09\/Bruno-471x1024.jpg 471w, https:\/\/www.refugiocaninotorres.es\/wp-content\/uploads\/2023\/09\/Bruno-768x1670.jpg 768w, https:\/\/www.refugiocaninotorres.es\/wp-content\/uploads\/2023\/09\/Bruno-707x1536.jpg 707w, https:\/\/www.refugiocaninotorres.es\/wp-content\/uploads\/2023\/09\/Bruno-942x2048.jpg 942w, https:\/\/www.refugiocaninotorres.es\/wp-content\/uploads\/2023\/09\/Bruno-scaled.jpg 1178w\" sizes=\"auto, (max-width: 138px) 100vw, 138px\" \/><\/td>\n<\/tr>\n<\/tbody>\n<\/table>\n<p style=\"text-align: center;\"><span style=\"font-size: 16pt;\"><span style=\"color: #99cc00;\"><span style=\"font-size: 16pt; color: #99cc00;\"><b style=\"color: #99cc00; font-size: 16pt;\">Bruno, el juguete de la Prote<\/b><\/span><\/span><\/span><\/p>\n<p><span style=\"text-decoration: underline;\"><strong>HISTORIA<\/strong><\/span><\/p>\n<p><strong>Nombre<\/strong>: Bruno<br \/>\n<strong>A\u00f1o de nacimiento<\/strong>: 2023<br \/>\n<strong>Sexo<\/strong> \u2642<br \/>\n<b>Raza: <\/b>Mestizo<\/p>\n<p>Bruno es un cachorrote de unos 6\/7 meses. Le recogi\u00f3 abandonado una familia cuando era un beb\u00e9, y aunque su intenci\u00f3n inicial era qued\u00e1rselo, no pudieron por motivos personales y buscaron una alternativa con nosotras. Bruno es espectacular, cari\u00f1oso a m\u00e1s no poder, inteligente, muy sociable y juguet\u00f3n con otros perros, se sabe relacionar a la perfecci\u00f3n; no creemos que crezca m\u00e1s, como mucho de ancho. Est\u00e1 en proceso de aprender a no tirar de la correa, al tener fuerza pasea con energ\u00eda, pero es muy buen\u00edn y aprende r\u00e1pido. Es el compi eterno de Mai, juntos comparten juegos y aunque a veces la satura con su energ\u00eda (\u00e9l es m\u00e1s joven) se llevan genial.<\/p>\n<p>Le encantan los ni\u00f1os y no se cansa de jugar con ellos.<\/p>\n","protected":false},"excerpt":{"rendered":"<p>Bruno, el juguete de la Prote HISTORIA Nombre: Bruno A\u00f1o de nacimiento: 2023 Sexo \u2642 Raza: Mestizo Bruno es un cachorrote de unos 6\/7 meses. Le recogi\u00f3 abandonado una familia cuando era un beb\u00e9, y aunque su intenci\u00f3n inicial era qued\u00e1rselo, no pudieron por motivos personales y buscaron una alternativa con nosotras. Bruno es espectacular,<\/p>\n<p><a href=\"https:\/\/www.refugiocaninotorres.es\/?page_id=1080\" class=\"more-link themebutton\">Leer m\u00e1s<\/a><\/p>\n","protected":false},"author":2,"featured_media":0,"parent":114,"menu_order":0,"comment_status":"closed","ping_status":"closed","template":"","meta":{"footnotes":""},"class_list":["post-1080","page","type-page","status-publish","hentry"],"_links":{"self":[{"href":"https:\/\/www.refugiocaninotorres.es\/index.php?rest_route=\/wp\/v2\/pages\/1080","targetHints":{"allow":["GET"]}}],"collection":[{"href":"https:\/\/www.refugiocaninotorres.es\/index.php?rest_route=\/wp\/v2\/pages"}],"about":[{"href":"https:\/\/www.refugiocaninotorres.es\/index.php?rest_route=\/wp\/v2\/types\/page"}],"author":[{"embeddable":true,"href":"https:\/\/www.refugiocaninotorres.es\/index.php?rest_route=\/wp\/v2\/users\/2"}],"replies":[{"embeddable":true,"href":"https:\/\/www.refugiocaninotorres.es\/index.php?rest_route=%2Fwp%2Fv2%2Fcomments&post=1080"}],"version-history":[{"count":1,"href":"https:\/\/www.refugiocaninotorres.es\/index.php?rest_route=\/wp\/v2\/pages\/1080\/revisions"}],"predecessor-version":[{"id":1081,"href":"https:\/\/www.refugiocaninotorres.es\/index.php?rest_route=\/wp\/v2\/pages\/1080\/revisions\/1081"}],"up":[{"embeddable":true,"href":"https:\/\/www.refugiocaninotorres.es\/index.php?rest_route=\/wp\/v2\/pages\/114"}],"wp:attachment":[{"href":"https:\/\/www.refugiocaninotorres.es\/index.php?rest_route=%2Fwp%2Fv2%2Fmedia&parent=1080"}],"curies":[{"name":"wp","href":"https:\/\/api.w.org\/{rel}","templated":true}]}}